 - 0 - (6 + f)?
8
Let b(j) = j**3 + 16*j**2 + 8*j - 1. What is the hundreds digit of b(-11)?
5
Suppose 4*n = -3*l + 5012, 4*n - 5*l - 4553 = 491. What is the hundreds digit of n?
2
Let z be (582/(5 + -2))/(-2). Let q = -49 - z. What is the tens digit of q?
4
Let c = 4 - 5. Let x = 3 - c. Suppose -z = x*z - 65. What is the tens digit of z?
1
Let o(a) = 5 + 4 - 11*a - a**2 - a - 2. Let w be o(-13). What is the units digit of 4/12 + (-16)/w?
3
Let l = 5284 + -2114. What is the tens digit of l?
7
Suppose 3*c = -4*w - 0*c + 3761, 0 = -5*w - c + 4715. Suppose 6*x = w + 778. What is the hundreds digit of x?
2
Suppose -t - 2*n = 3*t + 28, -t - 2*n - 1 = 0. Suppose 0 = 5*c + 3*l - 74 + 10, 21 = 3*c - 4*l. Let w = t + c. What is the units digit of w?
2
Let k = 58 - -51. Let w = k - 61. What is the units digit of w?
8
Suppose -3*r = -2*x + 2369, -5*r + 1173 - 21 = x. What is the hundreds digit of x?
1
Let m = -28 + 28. Suppose m = d + d - 140. Suppose -w + 0*z = -3*z - d, 2*z = 2*w - 120. What is the units digit of w?
5
Suppose -4*u + u = j - 1, -4 = -4*j + 4*u. Suppose -3 + j = p. Let g(f) = -2*f**3 + 2*f**2 - f - 2. What is the tens digit of g(p)?
2
Let p(y) = -y**3 + 6*y**2 - 6*y + 1. Let v be p(5). Let j(i) = -i + 1. Let f be j(v). Suppose -f*m + 31 + 29 = 0. What is the units digit of m?
2
Let m = 17 - 21. What is the units digit of 9/12 - 61/m?
6
Let p(d) = 20*d**2 + 25*d + 2. Let b(x) = 10*x**2 + 12*x + 1. Let y(g) = 13*b(g) - 6*p(g). What is the tens digit of y(-5)?
2
Let b = -8 + 5. Let y be b/(30/4)*30. Let p = 11 - y. What is the tens digit of p?
2
Let v be (-4 + 5)/(2/(-60)). Let x be (3 + 0)/((-18)/v). Suppose x*z - h = 4 + 53, -2*z + 9 = -5*h. What is the units digit of z?
2
Let f be 2*6*(-4)/8. Let w be (-3)/6 + 117/f. Let n = 3 - w. What is the tens digit of n?
2
Suppose -26 = -3*p + a, 2*a + 2*a + 5 = p. What is the units digit of p?
9
Let y = -393 + 478. What is the units digit of y?
5
Suppose 47 = 4*v - 13. Let m = 84 - v. What is the tens digit of m?
6
Let d(v) = -6*v + 3. Suppose -3*q = -q - 3*y + 25, -4*y = 4*q. What is the units digit of d(q)?
3
Let f = 28 - 41. Let j = f - -18. Let u = j + 0. What is the units digit of u?
5
Suppose 14*q = 19*q - 20, -1780 = -4*j + 3*q. What is the hundreds digit of j?
4
Suppose 5*v + 0*v - 135 = -4*b, -15 = -3*b. Suppose 5*d - 113 = -v. What is the units digit of (-21)/(-18) - 3/d?
1
Let i(l) = l. Let f(s) = s - 4 + 8 + 10. Let p(c) = f(c) + 4*i(c). What is the tens digit of p(5)?
3
Let l = 1159 - 937. What is the hundreds digit of l?
2
Let s = -1323 + 2344. What is the tens digit of s?
2
Suppose l + 3*l - 8 = 0. Suppose 0 = l*p - 7*p. Suppose -4*r + 49 - 9 = p. What is the tens digit of r?
1
Let u(b) = 2*b + 5. Let t be u(-9). Suppose -i + 125 = 4*i. Let z = i + t. What is the tens digit of z?
1
Suppose 34*j - 36*j - 18 = 0. What is the units digit of (553 - j/3)/2?
8
Let x(q) = 6*q - 4*q - 3*q - 7*q**2. Let a be x(-1). Let h = 40 + a. What is the units digit of h?
4
Let f = -589 + 2068. What is the units digit of f?
9
Let h = -176 - -182. Let w = 3 - 2. What is the units digit of h/(-6)*(-11)/w?
1
Let j(s) = 4*s**2 + 13*s + 17. Let y be j(12). Suppose -2*a - 2*o = -5*o - 387, 4*a = o + y. What is the units digit of a?
6
Let c(a) = -a**2 + 11*a + 4. Let n be c(12). Let o be n*(-3)/6 - 0. What is the tens digit of ((-2)/o)/(7/(-588))?
4
What is the tens digit of (17/(102/(-2952)))/(-2)?
4
What is the thousands digit of 3/2 + (-261063)/(-66)?
3
Let t = 4619 - 3149. What is the tens digit of t?
7
Suppose 7*l = 3*l. Suppose 0 = -l*i - 2*i + 10. Suppose -3*a - 3*y = 6, -6 - 14 = i*y. What is the units digit of a?
2
Suppose -9*i + 15 + 12 = 0. What is the tens digit of (-1)/((6/(-927))/(2/i))?
0
Suppose 0 = -4*l - 16943 + 21571. What is the tens digit of l?
5
Let x = 13 + -23. Let v be ((-15)/x)/(6/(-88)). Let j = 36 + v. What is the units digit of j?
4
Let g(b) be the first derivative of 2*b**3 - b**2/2 - 4. Let a be g(-1). Suppose -2*t + 107 = -a. What is the units digit of t?
7
Let m(l) = l - 5. Let c be m(5). Suppose c = -13*x + 10*x + 264. Suppose -3*g - 7 = -x. What is the tens digit of g?
2
Suppose 7*u - 4053 = -v + 11*u, 4*u = -5*v + 20361. What is the units digit of v?
9
Suppose 0 = 2*f - 9*f + 4214. What is the units digit of f?
2
Let n = 3584 - 2261. What is the units digit of n?
3
Let l be 665/28 - 2/(-8). Let w be ((-6)/(-4))/((-18)/(-72)). Suppose 0 = -5*j + w*j - l. What is the units digit of j?
4
Let v(k) = -18 + 15*k - 5*k + 0*k + 2*k**2. What is the units digit of v(-10)?
2
Let a(f) = f**3 - 5*f**2 - 5*f. Let j be a(6). Let s(c) = 7*c**2 - 9*c + 6. Let k(b) = -b**2 + b. Let u(p) = j*k(p) + s(p). What is the units digit of u(6)?
4
Let f(d) be the third derivative of 0*d + 1/12*d**4 - 5*d**2 - 5/6*d**3 + 0. What is the units digit of f(8)?
1
Let s(d) = d**3 + 8*d**2 - 3*d - 20. Let g be s(-8). Suppose -3*y = -2*y, -g*a = 4*y - 292. What is the units digit of a?
3
Suppose 12 = s + 5*b, 3*b + 3 - 9 = 0. Let t be (3 + s)/(1/1). Suppose t*h = -5*y + 205, 5*y = -4*h + 65 + 145. What is the tens digit of y?
4
Suppose 4*h + 3*z - 355 = 0, -6*h = -2*h + z - 361. Suppose -73 - 139 = -4*x + 4*t, 2*x - h = -3*t. Suppose 2*n - 12 = x. What is the units digit of n?
1
Let d = -10 - -428. Let r be (-18)/81 - d/(-18). Suppose 0 = -4*a + r - 3. What is the units digit of a?
5
Let h(m) = m**2 - 5*m - 77. What is the thousands digit of h(-52)?
2
Let n = 21 + -43. What is the tens digit of (1/((-8)/n))/(41/820)?
5
What is the thousands digit of 612808/392 + 2/(-7)?
1
Let w = 1926 - 855. What is the hundreds digit of w?
0
Let h be (-3230)/(-14) + ((-10)/14 - -1). Let d = -132 + h. What is the tens digit of d?
9
Let k(s) = s**2 - 11*s + 3. Suppose -4*v - 46 = 2*d, 4*d + 1 = -v + 7*d. What is the units digit of k(v)?
3
Suppose -266 = -4*s - 62. Suppose 5*g = -3*k - k + 78, 10 = -5*g. Let h = s - k. What is the units digit of h?
9
Let q(o) = -o. Let s(m) = 8*m - 17. Let c(n) = -6*q(n) - s(n). Let w be c(7). Suppose w*r + 2*r - 80 = 0. What is the tens digit of r?
1
Suppose h + h = 2. Suppose 3 = -c + h. What is the tens digit of (-416)/(-30) + c/(-15)?
1
Let t = 757 + -366. What is the tens digit of t?
9
Suppose -260 = -4*q - f, 5*q + f - 325 = 4*f. What is the units digit of q?
5
Suppose -67*y = -3*p - 70*y + 13002, 0 = -2*y - 10. What is the hundreds digit of p?
3
Suppose -16*t + 20979 = 5*t. What is the hundreds digit of t?
9
Suppose 20*k - 15*k = 535. Let l = 167 - k. What is the tens digit of l?
6
Let w = 135 + -141. Suppose -1 = -2*a + 3*a. What is the tens digit of 68/(-14)*(w + a)?
3
Let p = -101 + 72. Let a = p + 56. Let u = a + -15. What is the units digit of u?
2
Let k be 5 + -4 - 136/(-2). Suppose 3*n + 264 = 5*b, 3*b - 5*n + k = 237. What is the tens digit of b?
5
Let b be 1 + 37 - (-12)/4 - 2. Let j = 91 - b. What is the tens digit of j?
5
Suppose 3*c = -2*y - 3*y + 29, -5 = -5*y. Let d(p) = 2*p**2 - 13*p - 5. What is the units digit of d(c)?
9
Let b be 2/(-5) - (1520/(-25))/2. Suppose b + 11 = s. What is the units digit of s?
1
Suppose 0 = -3*k - 2*n + 708, -5*k - n - n = -1180. Let r = k - 42. What is the tens digit of r?
9
Suppose -96*m = -101*m + 2090. What is the units digit of m?
8
Suppose -3*r + 5*a - 45 = -7*r, -5*r = -5*a. Suppose -487 = -r*k + 153. What is the units digit of k?
8
Suppose 5*c - c = 148. Suppose t + 34 = -3*h, 0 = 4*t - 3*h + 25 + 36. Let d = t + c. What is the tens digit of d?
1
Let v = 14 - 13. Let b be (-4 + v)/(15/(-10)). Suppose -j - 43 = -b*j. What is the tens digit of j?
4
Let x = -14 + -47. Let v = x - -62. What is the units digit of v?
1
Let l be 2/8*-2*-2. Let h be 8*l/2 - 5. What is the tens digit of h + 56 - 11/11?
5
Let m = 1666 + -920. What is the hundreds digit of m?
7
What is the units digit of ((-46)/8 + 6)*4024?
6
Suppose 78*n - 13783 = 76307. What is the hundreds digit of n?
1
Let k = 142 - -793. What is the tens digit of k?
3
Let q = -46 + 52. Suppose -u - 63 - q = -y, -y = -2*u - 70. What is the units digit of y?
8
What is the hundreds digit of 2888/6 - 2/6?
4
Let n be (14/(-4) + 3)*0. Let c = 0 + n. Suppose 4*g + 2*u - 50 = 0, c*g + g + 3*u = 15. What is the tens digit of g?
1
Suppose 116*d - 181218 = 312594. What is the hundreds digit of d?
2
L